ctors of 4547?
4547
What are the prime factors of 13377?
3, 7, 13
List the prime factors of 2325.
3, 5, 31
What are the prime factors of 1304?
2, 163
List the prime factors of 5408.
2, 13
List the prime factors of 921.
3, 307
List the prime factors of 3372.
2, 3, 281
List the prime factors of 233.
233
What are the prime factors of 32539?
13, 2503
What are the prime factors of 734?
2, 367
What are the prime factors of 8316?
2, 3, 7, 11
List the prime factors of 48004.
2, 11, 1091
List the prime factors of 632.
2, 79
List the prime factors of 1883.
7, 269
List the prime factors of 12256.
2, 383
List the prime factors of 6070.
2, 5, 607
List the prime factors of 130252.
2, 32563
List the prime factors of 97301.
97301
List the prime factors of 943.
23, 41
What are the prime factors of 4132?
2, 1033
What are the prime factors of 974?
2, 487
List the prime factors of 2654.
2, 1327
What are the prime factors of 3692?
2, 13, 71
List the prime factors of 364.
2, 7, 13
What are the prime factors of 1292?
2, 17, 19
What are the prime factors of 41697?
3, 41, 113
List the prime factors of 30438.
2, 3, 19, 89
What are the prime factors of 11694?
2, 3, 1949
List the prime factors of 2973.
3, 991
What are the prime factors of 3127?
53, 59
What are the prime factors of 2139?
3, 23, 31
What are the prime factors of 1925?
5, 7, 11
What are the prime factors of 36308?
2, 29, 313
What are the prime factors of 3611?
23, 157
List the prime factors of 98331.
3, 73, 449
List the prime factors of 3768.
2, 3, 157
What are the prime factors of 5199?
3, 1733
List the prime factors of 3424.
2, 107
What are the prime factors of 499?
499
List the prime factors of 4130.
2, 5, 7, 59
List the prime factors of 12794.
2, 6397
List the prime factors of 1511.
1511
What are the prime factors of 3851?
3851
List the prime factors of 18693.
3, 31, 67
What are the prime factors of 12736?
2, 199
List the prime factors of 20040.
2, 3, 5, 167
List the prime factors of 25768.
2, 3221
What are the prime factors of 1132?
2, 283
List the prime factors of 9906.
2, 3, 13, 127
List the prime factors of 13188.
2, 3, 7, 157
List the prime factors of 233.
233
What are the prime factors of 89761?
7, 12823
What are the prime factors of 37721?
67, 563
List the prime factors of 819.
3, 7, 13
List the prime factors of 23211.
3, 2579
List the prime factors of 291.
3, 97
List the prime factors of 90124.
2, 22531
List the prime factors of 6164.
2, 23, 67
What are the prime factors of 13269?
3, 4423
What are the prime factors of 49300?
2, 5, 17, 29
List the prime factors of 3081.
3, 13, 79
List the prime factors of 57206.
2, 28603
What are the prime factors of 25350?
2, 3, 5, 13
What are the prime factors of 649?
11, 59
What are the prime factors of 1710?
2, 3, 5, 19
List the prime factors of 1180.
2, 5, 59
What are the prime factors of 6149?
11, 13, 43
What are the prime factors of 115450?
2, 5, 2309
What are the prime factors of 34218?
2, 3, 1901
What are the prime factors of 1847?
1847
What are the prime factors of 28935?
3, 5, 643
List the prime factors of 15104.
2, 59
What are the prime factors of 109387?
109387
What are the prime factors of 15232?
2, 7, 17
What are the prime factors of 1060?
2, 5, 53
List the prime factors of 3124.
2, 11, 71
List the prime factors of 11978.
2, 53, 113
List the prime factors of 127.
127
What are the prime factors of 1168?
2, 73
What are the prime factors of 4272?
2, 3, 89
List the prime factors of 1139.
17, 67
List the prime factors of 339.
3, 113
List the prime factors of 32510.
2, 5, 3251
What are the prime factors of 1662?
2, 3, 277
What are the prime factors of 2464?
2, 7, 11
List the prime factors of 7627.
29, 263
List the prime factors of 760.
2, 5, 19
What are the prime factors of 26488?
2, 7, 11, 43
List the prime factors of 50356.
2, 12589
List the prime factors of 41146.
2, 7, 2939
What are the prime factors of 4220?
2, 5, 211
List the prime factors of 3262.
2, 7, 233
What are the prime factors of 2055?
3, 5, 137
List the prime factors of 538.
2, 269
List the prime factors of 76034.
2, 7, 5431
What are the prime factors of 2018?
2, 1009
List the prime factors of 4138.
2, 2069
List the prime factors of 404.
2, 101
What are the prime factors of 272?
2, 17
What are the prime factors of 30162?
2, 3, 11, 457
What are the prime factors of 30960?
2, 3, 5, 43
List the prime factors of 21752.
2, 2719
List the prime factors of 155.
5, 31
What are the prime factors of 4765?
5, 953
What are the prime factors of 53045?
5, 103
List the prime factors of 31339.
7, 11, 37
List the prime factors of 1384.
2, 173
List the prime factors of 121284.
2, 3, 1123
What are the prime factors of 559?
13, 43
List the prime factors of 30135.
3, 5, 7, 41
What are the prime factors of 5480?
2, 5, 137
What are the prime factors of 24504?
2, 3, 1021
What are the prime factors of 25496?
2, 3187
What are the prime factors of 11848?
2, 1481
What are the prime factors of 5623?
5623
What are the prime factors of 194922?
2, 3, 7, 13, 17
List the prime factors of 33180.
2, 3, 5, 7, 79
List the prime factors of 5068.
2, 7, 181
List the prime factors of 223.
223
What are the prime factors of 2317?
7, 331
What are the prime factors of 1654?
2, 827
What are the prime factors of 1171?
1171
What are the prime factors of 4392?
2, 3, 61
What are the prime factors of 2191?
7, 313
List the prime factors of 661.
661
What are the prime factors of 18331?
23, 797
What are the prime factors of 1825?
5, 73
What are the prime factors of 90504?
2, 3, 419
List the prime factors of 39656.
2, 4957
What are the prime factors of 63524?
2, 15881
What are the prime factors of 1017?
3, 113
What are the prime factors of 345?
3, 5, 23
List the prime factors of 8564.
2, 2141
What are the prime factors of 3080?
2, 5, 7, 11
What are the prime factors of 20775?
3, 5, 277
List the prime factors of 4759.
4759
List the prime factors of 3887.
13, 23
List the prime factors of 1897.
7, 271
What are the prime factors of 5540?
2, 5, 277
What are the prime factors of 608?
2, 19
List the prime factors of 897.
3, 13, 23
What are the prime factors of 11139?
3, 47, 79
What are the prime factors of 2765?
5, 7, 79
What are the prime factors of 142698?
2, 3, 17, 1399
What are the prime factors of 1200?
2, 3, 5
List the prime factors of 39882.
2, 3, 17, 23
What are the prime factors of 3348?
2, 3, 31
List the prime factors of 6354.
2, 3, 353
List the prime factors of 893.
19, 47
What are the prime factors of 7314?
2, 3, 23, 53
List the prime factors of 16864.
2, 17, 31
What are the prime factors of 28852?
2, 7213
List the prime factors of 3429.
3, 127
List the prime factors of 699.
3, 233
List the prime factors of 832.
2, 13
What are the prime factors of 72331?
7, 10333
What are the prime factors of 159?
3, 53
List the prime factors of 864.
2, 3
List the prime factors of 67958.
2, 11, 3089
List the prime factors of 24712.
2, 3089
List the prime factors of 8461.
8461
List the prime factors of 11513.
29, 397
List the prime factors of 4026.
2, 3, 11, 61
List the prime factors of 16006.
2, 53, 151
List the prime factors of 2123.
11, 193
List the prime factors of 12546.
2, 3, 17, 41
List the prime factors of 164696.
2, 7, 17, 173
What are the prime factors of 3642?
2, 3, 607
List the prime factors of 2950.
2, 5, 59
What are the prime factors of 263?
263
List the prime factors of 1151.
1151
List the prime factors of 3704.
2, 463
What are the prime factors of 3153?
3, 1051
What are the prime factors of 340?
2, 5, 17
What are the prime factors of 1232?
2, 7, 11
List the prime factors of 12854.
2, 6427
What are the prime factors of 58683?
3, 31, 631
List the prime factors of 44.
2, 11
List the prime factors of 124172.
2, 37, 839
What are the prime factors of 1889?
1889
What are the prime factors of 23123?
19, 1217
What are the prime factors of 217?
7, 31
List the prime factors of 618.
2, 3, 103
List the prime factors of 1718.
2, 859
List the prime factors of 16281.
3, 67
What are the prime factors of 77626?
2, 37, 1049
List the prime factors of 8941.
8941
List the prime factors of 6273.
3, 17, 41
List the prime factors of 520.
2, 5, 13
List the prime factors of 2664.
2, 3, 37
List the prime factors of 2058.
2, 3, 7
What are the prime factors of 4224?
2